{"id":2354,"date":"2020-07-02T20:42:50","date_gmt":"2020-07-02T20:42:50","guid":{"rendered":"https:\/\/govindaklub.hu\/new_govinda\/?page_id=2354"},"modified":"2020-08-14T12:46:05","modified_gmt":"2020-08-14T12:46:05","slug":"adatvedelem","status":"publish","type":"page","link":"https:\/\/govindaklub.hu\/new_govinda\/adatvedelem\/","title":{"rendered":"Adatv\u00e9delem"},"content":{"rendered":"<h2 style=\"text-decoration: underline;\"><strong>ADATV\u00c9DELEM \u00c9S ADATKEZEL\u00c9SI T\u00c1J\u00c9KOZTAT\u00d3 <\/strong><\/h2>\n<p>Jelen dokumentum tartalmazza a <strong>Magyarorsz\u00e1gi Krisna-tudat\u00fa H\u00edv\u0151k K\u00f6z\u00f6ss\u00e9ge Budapesti Temploma (a tov\u00e1bbiakban: &#8222;Adatkezel\u0151&#8221;) Govinda Klub<\/strong>ja t\u00e1j\u00e9koztat\u00e1s\u00e1t a <a href=\"https:\/\/govindaklub.hu\/new_govinda\/penztar\/\">https:\/\/govindaklub.hu\/new_govinda<\/a> internetes oldalon (a tov\u00e1bbiakban: Honlap) el\u00e9rhet\u0151 \u0171rlap kit\u00f6lt\u0151i (a tov\u00e1bbiakban: \u00c9rintett) fel\u00e9 szem\u00e9lyes adataik kezel\u00e9s\u00e9vel kapcsolatban.<\/p>\n<p>&nbsp;<\/p>\n<p>Adatkezel\u0151 el\u00e9rhet\u0151s\u00e9gei:<\/p>\n<p>Magyarorsz\u00e1gi Krisna-tudat\u00fa H\u00edv\u0151k K\u00f6z\u00f6ss\u00e9ge Budapesti Temploma <em>C\u00edm: <\/em>1039 Budapest, Lehel utca 15-17.<\/p>\n<p><em>ad\u00f3sz\u00e1m: <\/em>18074435-1-41 <em>nyilv\u00e1ntart\u00e1si sz\u00e1m: 00 18 074435 <\/em>E-mail c\u00edm: lelekpalotaja@1108.cc<\/p>\n<h2>1.\u00a0 Az adatkezel\u00e9s joglapja, c\u00e9lja, a kezelt adatok k\u00f6re \u00e9s az adatkezel\u00e9s id\u0151tartama<\/h2>\n<p>Az adatkezel\u00e9s jogalapja minden felvett adat eset\u00e9ben az inform\u00e1ci\u00f3s \u00f6nrendelkez\u00e9si jogr\u00f3l \u00e9s az inform\u00e1ci\u00f3szabads\u00e1gr\u00f3l sz\u00f3l\u00f3 2011. \u00e9vi CXII. t\u00f6rv\u00e9ny (a tov\u00e1bbiakban: Info.tv.) 5. \u00a7 (1) bekezd\u00e9s a) pontja szerint az \u00c9rintett \u00f6nk\u00e9ntes hozz\u00e1j\u00e1rul\u00e1sa. A t\u00e1j\u00e9koztat\u00f3 alapj\u00e1n az \u00c9rintett al\u00e1bbi adatait kezelj\u00fck:<\/p>\n<p>&nbsp;<\/p>\n<table width=\"604\">\n<tbody>\n<tr>\n<td width=\"261\"><strong>Kezelt adatok <\/strong><\/td>\n<td width=\"172\"><strong>Adatkezel\u00e9s c\u00e9lja <\/strong><\/td>\n<td width=\"171\"><strong>Adatkezel\u00e9s id\u0151tartama <\/strong><\/td>\n<\/tr>\n<tr>\n<td width=\"261\">K\u00f6telez\u0151en megadand\u00f3 adatok:<\/p>\n<p>&#8211;\u00a0 Vezet\u00e9kn\u00e9v,<\/p>\n<p>&#8211;\u00a0 Keresztn\u00e9v,<\/p>\n<p>&#8211;\u00a0 C\u00edm,<\/p>\n<p>&#8211;\u00a0 E-mail c\u00edm,<\/p>\n<p>&#8211;\u00a0 Mobiltelefonsz\u00e1mok<\/p>\n<p>&#8211;\u00a0 C\u00e9gn\u00e9v<\/td>\n<td width=\"172\">H\u00edrlev\u00e9l kik\u00fcld\u00e9se, t\u00e1j\u00e9koztat\u00f3 anyagok k\u00fcld\u00e9se a Govinda Klub programjair\u00f3l.<\/td>\n<td width=\"171\">Adatkezel\u0151 az adatokat a nyilv\u00e1ntart\u00e1s t\u00f6rl\u00e9s\u00e9ig kezeli<\/td>\n<\/tr>\n<\/tbody>\n<\/table>\n<p>&nbsp;<\/p>\n<p>A fent hivatkozott webhelyen megadott adatokat az Adatkezel\u0151 a saj\u00e1t tulajdon\u00e1ban l\u00e9v\u0151 egyh\u00e1zi egys\u00e9gek \u00e9s c\u00e9gek r\u00e9sz\u00e9re \u00e1tadhatja adatfeldolgoz\u00e1s c\u00e9lj\u00e1ra.<\/p>\n<p>&nbsp;<\/p>\n<h2>2.\u00a0 Cookie adatkezel\u00e9s<\/h2>\n<p>Adatkezel\u0151 a Honlap testre szabott \u00e9s hat\u00e9kony haszn\u00e1lata, valamint a min\u00e9l teljesebb felhaszn\u00e1l\u00f3i \u00e9lm\u00e9ny \u00e9rdek\u00e9ben az \u00c9rintettek sz\u00e1m\u00edt\u00f3g\u00e9p\u00e9n kis adatcsomagot, \u00fan. cookie-t (s\u00fctit) helyezhet el. A cookie-k (s\u00fctik) olyan azonos\u00edt\u00f3k, amelyeket a Honlap, vagy a cookie-t gy\u0171jt\u0151 partner szervere a az \u00c9rintett \u00e1ltal haszn\u00e1lt sz\u00e1m\u00edt\u00f3g\u00e9pnek k\u00fcldhet, hogy azonos\u00edtsa a Honlapon tart\u00f3zkod\u00e1s alatt haszn\u00e1lt sz\u00e1m\u00edt\u00f3g\u00e9pet \u00e9s t\u00e1rolja a Honlap haszn\u00e1lat\u00e1ra vonatkoz\u00f3 technikai adatokat (p\u00e9ld\u00e1ul az \u00e1tkattint\u00e1sokat, egy\u00e9b navig\u00e1ci\u00f3s adatokat). A legt\u00f6bb b\u00f6ng\u00e9sz\u0151 az alapbe\u00e1ll\u00edt\u00e1s szerint automatikusan fogadja ezeket a cookie-kat (s\u00fctiket). A cookie-k (s\u00fctik) t\u00e1rol\u00e1sa kikapcsolhat\u00f3, illetve annak be\u00e1ll\u00edt\u00e1s\u00e1ra is van lehet\u0151s\u00e9g a b\u00f6ng\u00e9sz\u0151ben, hogy \u00e9rtes\u00edt\u00e9st kapjon miel\u0151tt sz\u00e1m\u00edt\u00f3g\u00e9p\u00e9n cookie-t (s\u00fctit) t\u00e1rolnak. Ezek a be\u00e1ll\u00edt\u00e1sok kiz\u00e1r\u00f3lag a haszn\u00e1lt b\u00f6ng\u00e9sz\u0151program \u00e9s sz\u00e1m\u00edt\u00f3g\u00e9pre vonatkoznak, a cookie-k (s\u00fctik) be\u00e1ll\u00edt\u00e1sait \u00e9s kikapcsol\u00e1s\u00e1t sz\u00e1m\u00edt\u00f3g\u00e9penk\u00e9nt \u00e9s b\u00f6ng\u00e9sz\u0151nk\u00e9nt k\u00fcl\u00f6n-k\u00fcl\u00f6n kell be\u00e1ll\u00edtani. A cookie-k (s\u00fctik) kikapcsol\u00e1s\u00e1val a Honlap \u00fczemeltet\u0151je nem tudja garant\u00e1lni a Honlap valamennyi funkci\u00f3j\u00e1nak megfelel\u0151 m\u0171k\u00f6d\u00e9s\u00e9t \u00e9s a Honlap teljes k\u00f6r\u0171 haszn\u00e1lat\u00e1t. A Honlap els\u0151 haszn\u00e1lat\u00e1val a Honlap l\u00e1togat\u00f3ja elfogadja, hogy sz\u00e1m\u00edt\u00f3g\u00e9p\u00e9n cookie-k (s\u00fctik) ker\u00fcljenek elhelyez\u00e9sre.<\/p>\n<p>&nbsp;<\/p>\n<h2>3.\u00a0 Az \u00d6n jogai az adatkezel\u00e9ssel kapcsolatban<\/h2>\n<h3>3.1.\u00a0 T\u00e1j\u00e9koztat\u00e1shoz \u00e9s tiltakoz\u00e1shoz val\u00f3 jog<\/h3>\n<p><strong>B\u00e1rmikor jogosult t\u00e1j\u00e9koztat\u00e1st k\u00e9rni <\/strong>postai, elektronikus, a t\u00e1j\u00e9koztat\u00f3ban megjel\u00f6lt el\u00e9rhet\u0151s\u00e9geken kereszt\u00fcl az \u00e1ltalunk kezelt, <strong>\u00d6nre vonatkoz\u00f3 szem\u00e9lyes adatokr\u00f3l. <\/strong><\/p>\n<p><strong>\u00a0<\/strong><\/p>\n<p>K\u00e9r\u00e9se eset\u00e9n t\u00e1j\u00e9koztatjuk:<\/p>\n<ul>\n<li>a kezelt adatokr\u00f3l,<\/li>\n<li>az adatkezel\u00e9s c\u00e9lj\u00e1r\u00f3l,<\/li>\n<li>jogalapj\u00e1r\u00f3l,<\/li>\n<li>id\u0151tartam\u00e1r\u00f3l, &#8211; arr\u00f3l, hogy kik \u00e9s milyen c\u00e9lb\u00f3l kapj\u00e1k vagy kapt\u00e1k meg adatait.<\/li>\n<\/ul>\n<p>&nbsp;<\/p>\n<p>A t\u00e1j\u00e9koztat\u00e1st a k\u00e9relem beny\u00fajt\u00e1s\u00e1t\u00f3l sz\u00e1m\u00edtott 25 napon bel\u00fcl \u00edr\u00e1sban, a t\u00e1j\u00e9koztat\u00e1s k\u00e9r\u00e9s form\u00e1j\u00e1t\u00f3l f\u00fcgg\u0151en pap\u00edr, vagy elektronikus \u00faton adjuk meg.<\/p>\n<p>&nbsp;<\/p>\n<p>B\u00e1rmikor tiltakozhat szem\u00e9lyes adatainak kezel\u00e9se ellen. A tiltakoz\u00e1st annak beny\u00fajt\u00e1s\u00e1t\u00f3l sz\u00e1m\u00edtott legr\u00f6videbb id\u0151n bel\u00fcl, de legfeljebb 25 nap alatt megvizsg\u00e1ljuk, annak megalapozotts\u00e1ga k\u00e9rd\u00e9s\u00e9ben d\u00f6nt\u00e9st hozunk, \u00e9s d\u00f6nt\u00e9s\u00e9r\u0151l t\u00e1j\u00e9koztatjuk \u00d6nt.<\/p>\n<p>&nbsp;<\/p>\n<h3>3.2.\u00a0 Adatok t\u00f6rl\u00e9se, helyesb\u00edt\u00e9se, z\u00e1rol\u00e1sa<\/h3>\n<p><strong>B\u00e1rmikor jogosult az \u00e1ltalunk kezelt szem\u00e9lyes adatai t\u00f6rl\u00e9s\u00e9t<\/strong>, vagy a helytelen\u00fcl r\u00f6gz\u00edtett szem\u00e9lyes adatai <strong>helyesb\u00edt\u00e9s\u00e9t k\u00e9rni. <\/strong><\/p>\n<p><strong>\u00a0<\/strong><\/p>\n<p>A t\u00f6rl\u00e9si k\u00e9relmet csak akkor nem tudjuk teljes\u00edteni, ha a t\u00f6rl\u00e9s olyan iratra, okiratra is kiterjedne, amelyet t\u00f6rv\u00e9nyi el\u0151\u00edr\u00e1s (pl.: a sz\u00e1mvitelr\u0151l sz\u00f3l\u00f3 t\u00f6rv\u00e9ny) szerint meg kell \u0151rizn\u00fcnk.<\/p>\n<p>&nbsp;<\/p>\n<p>Ezen k\u00edv\u00fcl z\u00e1roljuk a szem\u00e9lyes adatot, ha \u00d6n ezt k\u00e9ri, vagy ha a rendelkez\u00e9s\u00fcnkre \u00e1ll\u00f3 inform\u00e1ci\u00f3k alapj\u00e1n felt\u00e9telezhet\u0151, hogy a t\u00f6rl\u00e9s s\u00e9rten\u00e9 az \u00d6n jogos \u00e9rdekeit. Az \u00edgy z\u00e1rolt szem\u00e9lyes adatot addig kezelj\u00fck, ameddig fenn\u00e1ll az adatkezel\u00e9si c\u00e9l vagy jogos \u00e9rdek, amely a szem\u00e9lyes adat t\u00f6rl\u00e9s\u00e9t kiz\u00e1rta.<\/p>\n<p>&nbsp;<\/p>\n<p>A t\u00f6rl\u00e9si, helyesb\u00edt\u00e9si \u00e9s z\u00e1rol\u00e1si k\u00e9relemnek a lehet\u0151s\u00e9gekhez k\u00e9pest leghamarabb, de legfeljebb 25 napon eleget tesz\u00fcnk \u00e9s \u00e9rtes\u00edtj\u00fck \u00d6nt. Ha k\u00e9relm\u00e9nek nem tudtunk helyt adni, ez esetben is 25 napon bel\u00fcl \u00e9rtes\u00edtj\u00fck.<\/p>\n<p>&nbsp;<\/p>\n<p>Ha az adatot az \u00d6n hozz\u00e1j\u00e1rul\u00e1s\u00e1val m\u00e1s szem\u00e9ly sz\u00e1m\u00e1ra tov\u00e1bb\u00edtottuk, az adattov\u00e1bb\u00edt\u00e1s c\u00edmzettj\u00e9t is \u00e9rtes\u00edtj\u00fck a sz\u00fcks\u00e9ges l\u00e9p\u00e9sekr\u0151l.<\/p>\n<p>&nbsp;<\/p>\n<h2>4.\u00a0 Jogorvoslati lehet\u0151s\u00e9gek az Info.tv., valamint a Polg\u00e1ri T\u00f6rv\u00e9nyk\u00f6nyv (2013. \u00e9vi V. t\u00f6rv\u00e9ny) alapj\u00e1n<\/h2>\n<p><strong>\u00d6n jogosult panasz\u00e1val a Nemzeti Adatv\u00e9delmi \u00e9s Inform\u00e1ci\u00f3szabads\u00e1g Hat\u00f3s\u00e1ghoz <\/strong><\/p>\n<p>(1125 Budapest, Szil\u00e1gyi Erzs\u00e9bet fasor 22\/c.; <a href=\"http:\/\/www.naih.hu\/\">www.naih.hu<\/a><a href=\"http:\/\/www.naih.hu\/\">,<\/a> Telefon: +36 (1) 391-1400, Telefax: +36 (1) 391-1410, E-mail: <u>ugyfelszolgalat@naih.hu)<\/u> <strong>fordulni vagy <\/strong>a Polg\u00e1ri perrendtart\u00e1sr\u00f3l sz\u00f3l\u00f3 1952. \u00e9vi III. t\u00f6rv\u00e9ny szerint hat\u00e1sk\u00f6rrel \u00e9s illet\u00e9kess\u00e9ggel rendelkez\u0151 <strong>B\u00edr\u00f3s\u00e1g el\u0151tt \u00e9rv\u00e9nyes\u00edteni szem\u00e9lyes adatok kezel\u00e9s\u00e9vel kapcsolatos jogait. <\/strong><\/p>\n<h2>5.\u00a0 Adatbiztons\u00e1g<\/h2>\n<p>Az informatikai rendszerek m\u0171k\u00f6dtet\u00e9se sor\u00e1n a sz\u00fcks\u00e9ges jogosults\u00e1gkezel\u00e9si, bels\u0151 szervez\u00e9si \u00e9s technikai megold\u00e1sok biztos\u00edtjuk, hogy adatai illet\u00e9ktelen szem\u00e9lyek birtok\u00e1ba ne juthasson, illet\u00e9ktelen szem\u00e9lyek az adatokat ne tudj\u00e1k t\u00f6r\u00f6lni, kimenteni a rendszerb\u0151l, vagy m\u00f3dos\u00edtani. Az adatv\u00e9delmi \u00e9s adatbiztons\u00e1gi k\u00f6vetelm\u00e9nyeket \u00e9rv\u00e9nyre juttatjuk adatfeldolgoz\u00f3inkkal szemben is.<\/p>\n<p>&nbsp;<\/p>\n<p>Az esetleges adatv\u00e9delmi incidensekr\u0151l nyilv\u00e1ntart\u00e1st vezet\u00fcnk, amennyiben sz\u00fcks\u00e9ges, a felmer\u00fcl\u0151 incidensekr\u0151l t\u00e1j\u00e9koztatjuk \u00d6nt.<\/p>\n<p>&nbsp;<\/p>\n<h2>6.\u00a0 Egy\u00e9b rendelkez\u00e9sek<\/h2>\n<p>Fenntartjuk a jogot, hogy jelen Adatkezel\u00e9si T\u00e1j\u00e9koztat\u00f3t &#8211; az adatkezel\u00e9s jogalapj\u00e1t, c\u00e9lj\u00e1t \u00e9s a kezelt adatok k\u00f6r\u00e9t \u00e9rint\u0151 m\u00f3dos\u00edt\u00e1sokon k\u00edv\u00fcl &#8211; egyoldal\u00faan m\u00f3dos\u00edtsuk. A m\u00f3dos\u00edt\u00e1s a krisna.hu oldalon val\u00f3 k\u00f6zz\u00e9t\u00e9tel\u00e9nek napj\u00e1n l\u00e9p hat\u00e1lyba.<\/p>\n<p>&nbsp;<\/p>\n<p>Jelen Adatkezel\u00e9si T\u00e1j\u00e9koztat\u00f3 2018. m\u00e1jus 25. napj\u00e1t\u00f3l \u00e9rv\u00e9nyes.<\/p>\n","protected":false},"excerpt":{"rendered":"<p>ADATV\u00c9DELEM \u00c9S ADATKEZEL\u00c9SI T\u00c1J\u00c9KOZTAT\u00d3 Jelen dokumentum tartalmazza a Magyarorsz\u00e1gi Krisna-tudat\u00fa H\u00edv\u0151k K\u00f6z\u00f6ss\u00e9ge Budapesti Temploma (a tov\u00e1bbiakban: &#8222;Adatkezel\u0151&#8221;) Govinda Klubja t\u00e1j\u00e9koztat\u00e1s\u00e1t a https:\/\/govindaklub.hu\/new_govinda internetes oldalon (a [&hellip;]<\/p>\n","protected":false},"author":1,"featured_media":0,"parent":0,"menu_order":0,"comment_status":"closed","ping_status":"closed","template":"","meta":{"footnotes":""},"jetpack_sharing_enabled":true,"_links":{"self":[{"href":"https:\/\/govindaklub.hu\/new_govinda\/wp-json\/wp\/v2\/pages\/2354"}],"collection":[{"href":"https:\/\/govindaklub.hu\/new_govinda\/wp-json\/wp\/v2\/pages"}],"about":[{"href":"https:\/\/govindaklub.hu\/new_govinda\/wp-json\/wp\/v2\/types\/page"}],"author":[{"embeddable":true,"href":"https:\/\/govindaklub.hu\/new_govinda\/wp-json\/wp\/v2\/users\/1"}],"replies":[{"embeddable":true,"href":"https:\/\/govindaklub.hu\/new_govinda\/wp-json\/wp\/v2\/comments?post=2354"}],"version-history":[{"count":10,"href":"https:\/\/govindaklub.hu\/new_govinda\/wp-json\/wp\/v2\/pages\/2354\/revisions"}],"predecessor-version":[{"id":2449,"href":"https:\/\/govindaklub.hu\/new_govinda\/wp-json\/wp\/v2\/pages\/2354\/revisions\/2449"}],"wp:attachment":[{"href":"https:\/\/govindaklub.hu\/new_govinda\/wp-json\/wp\/v2\/media?parent=2354"}],"curies":[{"name":"wp","href":"https:\/\/api.w.org\/{rel}","templated":true}]}}